{"id":82,"date":"2009-06-14T16:48:07","date_gmt":"2009-06-14T14:48:07","guid":{"rendered":"http:\/\/www.gerhardschulze.de\/?page_id=82"},"modified":"2023-10-18T16:56:26","modified_gmt":"2023-10-18T14:56:26","slug":"literaturliste","status":"publish","type":"page","link":"https:\/\/www.gerhardschulze.de\/index.php\/literaturliste\/","title":{"rendered":"Literaturliste"},"content":{"rendered":"<p><strong>B\u00fccher<\/strong><\/p>\n<ul style=\"list-style-type: none;\">\n<li>\n<ul>\n<li>Soziologie als Handwerk. Eine Gebrauchsanleitung. Campus Frankfurt\/New York 2019<\/li>\n<li>Sch\u00f6ne Neue Gesundheitswelt. Wie sich das medizinische Denken ver\u00e4ndert. Hogrefe Verlag Bern 2016<\/li>\n<li>Krisen. Das Alarmdilemma<br \/>\nFischer Verlag Frankfurt a. M. 2011<\/li>\n<li>Die S\u00fcnde. Das sch\u00f6ne Leben und seine Feinde.<br \/>\nHanser Verlag M\u00fcnchen 2006<\/li>\n<li>Die beste aller Welten. Wohin bewegt sich die Gesellschaft im 21. Jahrhundert?<br \/>\nHanser Verlag M\u00fcnchen 2003<\/li>\n<li>Kulissen des Gl\u00fccks. Streifz\u00fcge durch die Eventkultur.<br \/>\nCampus Verlag Frankfurt 1999<\/li>\n<li>Die Erlebnisgesellschaft. Kultursoziologie der Gegenwart.<br \/>\nCampus Verlag Frankfurt 1992, 2005<\/li>\n<\/ul>\n<\/li>\n<\/ul>\n<p><strong>Aufs\u00e4tze<\/strong><\/p>\n<ul>\n<li>\n<ul>\n<li>Zweierlei Gl\u00fcck. Soziologische Randnotizen. In: Ulrike Ackermann und Hans J\u00f6rg Schmidt (Hg.): Genuss &#8211; Askese &#8211; Moral. \u00dcber Die Paternalisierung des guten Lebens. Humanities Online, Frankfurt a.M. 2016.<\/li>\n<li>The Coming of the Intrinsic Age. In: Anders Michelsen and Frederik Tygstrup (eds): Socioaesthetics. Social and Critical Theory, Vol. 19. Leiden \/ Boston: 2015: Brill.<\/li>\n<li>Stell dir vor es ist Kongress und keiner geht hin. In: Jahrbuch Marketing 2015. Sankt Gallen 2015.<\/li>\n<\/ul>\n<ul>\n<li>Die Zukunft des Eigensinns. In: Petra Grimm und Michael M\u00fcller (Hg): social mania. Schriftenreihe Medienethik, Band 13. Stuttgart 2014.<\/li>\n<li>Ungewissheit, Risiko, Moral. Wie wir mit Dilemmas umgehen. In: Michael Beckmann und Antonio Hurtado (Hg): Kraftwerkstechnik, Band V. Neuruppinu 2013: TK Verlag<\/li>\n<li>The experience market. In: Jon Sundbo and Fleming Sorensen (eds), Handbook of Experience Economy. Cheltenham GB 2013: Edwin Elgar<\/li>\n<li>The coming of the intrinsic age. In: Peter Murphy and Eduardo de la Fuente (eds), Aesthetic capitalism. Leiden NL 2013: Brill Publishers<\/li>\n<li>Illusionen des Begreifens. Soziologische Aufkl\u00e4rung heute. In: Zeitschrift f\u00fcr theoretische Soziologie, Heft 1, 2012, S.38 &#8211; 46<\/li>\n<\/ul>\n<ul>\n<li>El Manifestante<br \/>\nIn: Humboldt 157, 2012, S. 16 ff.<br \/>\nGoetheinstitut f\u00fcr Lateinamerika<\/li>\n<li>Erlebnisgesellschaft<br \/>\nIn: Helmut Reinalter und Peter J. Brenner (Hg): Lexikon der Geisteswissenschaften<br \/>\nWien \/ K\u00f6ln \/ Weimar 2011<\/li>\n<li>Autorit\u00e4t \u2013 Grenzgang ohne Ende. Eine Ortsbestimmung<br \/>\nIn: Herbert Quandt-Stiftung (Hg): Autorit\u00e4t heute. Neue Formen \u2013 andere Akteure?<br \/>\nFreiburg \/ Basel \/ Wien 2011<\/li>\n<li>Strukturwandel der \u00d6ffentlichkeit 2.0<br \/>\nIn: Kulturpolitische Mitteilungen Nr. 134 \/ III 2011. S. 36 ff.<\/li>\n<li>Wir und unsere Krisen<br \/>\nIn: aviso. Zeitschrift f\u00fcr Wissenschaft und Kunst in Bayern. 3 \/ 2011<\/li>\n<li>Die Suche nach Gl\u00fcck im Spiegel der sieben Tods\u00fcnden<br \/>\nIn: Lust und Laster. Die sieben Tods\u00fcnden von D\u00fcrer bis Naumann<br \/>\nKunstmuseum der Stadt Bern, Ausstellungskatalog<br \/>\nBern 2010<\/li>\n<\/ul>\n<ul>\n<li>Es ist f\u00fcnf vor zw\u00f6lf. Ein soziologischer Bewusstseinstrip<br \/>\nIn: Martin Meyer (Hg.):Perspektiven auf eine Welt im Umbruch<br \/>\nSchweizerisches Institut Auslandsforschung<br \/>\nZ\u00fcrich 2010<\/li>\n<\/ul>\n<ul>\n<li>Gedankenfreiheit in Zeiten der Krise<br \/>\nIn: Karl Heinz Bohrer und Kurt Scheel (Hg.): Die Grenzen der Wirksamkeit des Staates. \u00dcber Freiheit und Paternalismus<br \/>\nMerkur Sonderheft September\/Oktober 2010<\/li>\n<\/ul>\n<ul>\n<li>Das Dilemma zwischen Kunst und Kanalisation<br \/>\nIn: Passagen. Kulturmagazin von Pro Helvetia. Nr. 53, s, 2010<\/li>\n<li>Haben oder Sein<br \/>\nIn: Patrick Bahners und Alexander Camman (Hg.):<br \/>\nBundesrepublik und DDR. Die Debatte um Hans-Ulrich Wehlers &#8222;Deutsche Gesellschaftsgeschichte&#8220;<br \/>\nM\u00fcnchen 2009<\/li>\n<li>Gute Lebenswelt, b\u00f6ses System. Eine Kritik popul\u00e4rer Deutungsmuster am Beispiel der Finanzkrise<br \/>\nIn: Ulrike Ackermann (Hg):<br \/>\nFreiheit in der Krise? Der Wert der wirtschaftlichen, politischen und individuellen Freiheit<br \/>\nFrankfurt a. M. 2009<\/li>\n<li>Das Steigerungsspiel<br \/>\nIn: Wissenschaft und Umwelt 13 \/ 2009<\/li>\n<li>Die Erfindung des Musik H\u00f6rens<br \/>\nIn: Martin Tr\u00f6ndle (Hg):<br \/>\nDas Konzert. Neue Auff\u00fchrungskonzepte f\u00fcr eine klassische Form<br \/>\nBielefeld 2009<\/li>\n<li>Das Gl\u00fcck<br \/>\nIn: Michael Andritzky (Hg)<br \/>\nVon der guten Form zum guten Leben<br \/>\nWerkbundjahrbuch 1\/2008<br \/>\nFrankfurt a. M. 2008<\/li>\n<li>Live! Die Sehnsucht nach Aura<br \/>\nIn: Das Orchester. Zeitschrift f\u00fcr Musiker und Management<br \/>\nSeptember 2008<\/li>\n<li>Jenseits von Babylon. \u00dcber die Wiedergewinnung von Intersubjektivitat.<br \/>\nIn: Eckehard Binas (Hg):<br \/>\nHypertransformation.<br \/>\nBerlin 2008<\/li>\n<li>Der Sinn des Absurden.<br \/>\nIn: Jan Hoet (Hg),<br \/>\nAd Absurdum. Ausstellungskatalog.<br \/>\nHerford 2008<\/li>\n<li>Fortuna und Felicitas. Der hinkende Gang der Moderne<br \/>\nIn: Beate Hentschel und Gisela Staupe (Hg):<br \/>\nGl\u00fcck &#8211; Welches Gl\u00fcck<br \/>\nM\u00fcnchen 2008<br \/>\n(abgedruckt in: Universitas November 2008)<\/li>\n<li>Grenzgang mit Humor<br \/>\nIn: Uwe Justus Wenzel (Hg):<br \/>\nWas ist eine gute Religion?<br \/>\nM\u00fcnchen 2007<\/li>\n<li>Das Drama der Freiheit.<br \/>\nIn: Ulrike Ackermann (Hg):<br \/>\nWelche Freiheit. Pl\u00e4doyers f\u00fcr eine offene Gesellschaft.<br \/>\nBerlin 2007<\/li>\n<li>\u00d6konomie und Gl\u00fcck. Kundenn\u00e4he und Ankunft in der entwickelten Moderne.<br \/>\nIn: Walther E. Zimmerli und Stefan Wolf (Hg.):<br \/>\nSpurwechsel. Wirtschaft weiter denken.<br \/>\nHamburg 2006<\/li>\n<li>Die Kunst und ihr Publikum.<br \/>\nIn: Dominika Szope und Pius Freiburghaus (Hg):<br \/>\nPragmatismus als Katalysator kulturellen Wandels. Erweiterung der Handlungsm\u00f6glichkeiten durch liberale Utopien<br \/>\nZ\u00fcrich 2006<\/li>\n<li>Auf der Suche nach der besten aller Welten.<br \/>\nIn: Norbert Sievers und Bernd Wagner (Hg):<br \/>\nJahrbuch Kulturpolitik<br \/>\nBonn 2006<\/li>\n<li>Das Leben, ein Spiel.<br \/>\nIn: Deutsches Hygiene-Museum Dresden (Hg.): Spiele. Zwischen Rausch und Regel. Begleitbuch zur Ausstellung &#8222;Spielen.&#8220;<br \/>\nDresden 2005<\/li>\n<li>Haben, Erleben, Sein.<br \/>\nIn: Der Architekt, Heft 5 &#8211; 6<br \/>\nJuli 2004<\/li>\n<li>Die Erlebnisgesellschaft. Inteview.<br \/>\nIn: Armin Pongs: In welcher Gesellschaft leben wir eigentlich?<br \/>\nM\u00fcnchen 2004<\/li>\n<li>Der Krieg in der Moderne. Eine Zeitdiagnose.<br \/>\nIn: Lischke, G. J. und Weibel, P. (Hg.): Handlungsformen in Politik und Gesellschaft.<br \/>\nBern 2004<\/li>\n<li>Rettungsversuche am Rande epistemologischer Verzweiflung.<br \/>\nIn: Sznaider, N. und A. Poferl (Hg.): Reflexive Modernisierung. Festschrift f\u00fcr Ulrich Beck<br \/>\nBaden-Baden 2004<\/li>\n<li>Wohin bewegt sich die Werbung?<br \/>\nIn: Willems, H.: Die Gesellschaft der Werbung.<br \/>\nOpladen 2002<\/li>\n<li>Was bedeuten die Bretter, die die Welt bedeuten?<br \/>\nIn: Balme, Chr. und J. Schl\u00e4der (Hg.): Inszenierungen:<br \/>\nTheorie-\u00e4sthetik-Medialit\u00e4t<br \/>\nStuttgart \/ Weimar 2002Produktentwicklung und Marketing im kulturellen Wandel.<br \/>\ngdi-impuls 1993\/Heft 3<\/li>\n<li>Scheinkonflikte. Zur Kritik der Lebensstilforschung.<br \/>\nSoziale Welt Jg. 52, 2001, Heft 3<\/li>\n<li>Inszenierte Individualit\u00e4t. Ein modernes Theater.<br \/>\nIn: van D\u00fclmen, R. (Hg.): Die Entdeckung des Ich.<br \/>\nWien\/K\u00f6ln\/Weimar 2001<\/li>\n<li>Was wird aus der Erlebnisgesellschaft?<br \/>\nIn: Aus Politik und Zeitgeschichte. B 12, 2000<\/li>\n<li>Im Wandel gleichbleiben. Sinnroutinen und soziales Kapital<br \/>\nIn: Hentschel, B. u. a. (Hg.): Verborgenes Kapital \u2013 verborgene Potentiale<br \/>\nM\u00fcnchen 2000<\/li>\n<li>Wohin bewegt sich die Gesellschaft? Eine soziologische Spekulation<br \/>\nIn: Anselm, E. u.a. (Hg.): Die neue Ordnung des Politischen. Die Herausforderungen der Demokratie am Beginn des 21. Jahrhunderts.<br \/>\nFrankfurt 1999<\/li>\n<li>Mehr oder anders?<br \/>\nIn: Brockhaus, H. und Langenscheidt, F.<br \/>\nVisionen 2000. Einhundert pers\u00f6nliche Zukunftsentw\u00fcrfe<br \/>\nMannheim 1998<\/li>\n<li>Jenseits der Sachen.<br \/>\nIn: &#8222;Wo bleibt die Arbeit?&#8220;<br \/>\nGewerkschaftliche Monatshefte 6 &#8211; 7, 1998<\/li>\n<li>Wie war der Marktanteil? Sinn und Sinnillusion des Steigerungsdenkens.<br \/>\nDokumentation zu den 31. Mainzer Tagen der Fernsehkritik.<br \/>\nMainz 1998<\/li>\n<li>Steigerung und Ankunft.<br \/>\nIn: Pierer, H. v. und B. v., Oetinger, (Hg.):<br \/>\nWie kommt das Neue in die Welt?<br \/>\nM\u00fcnchen\/Wien 1998<\/li>\n<li>Die Wahrnehmungsblockade. Vom Verlust der Sp\u00fcrbarkeit der Demokratie.<br \/>\nIn: Weidenfeld, W. (Hg.): Demokratie am Wendepunkt. Die demokratische Frage im Projekt des 21. Jahrhunderts.<br \/>\nBerlin 1996<\/li>\n<li>From Situations to Subjects: Moral Discourse in Transition.<br \/>\nIn: Holmwood\/ Radner\/ Schulze\/ Sulkunen (eds): Constructing the New Consumer Society.<br \/>\nNew York 1996<\/li>\n<li>Armut in der Kultur des Reichtums.<br \/>\nIn: Hengsbach, F. (Hg.): Eure Armut kotzt uns an. Solidarit\u00e4t in der Krise.<br \/>\nFrankfurt a. M. 1995<\/li>\n<li>Das Medienspiel.<br \/>\nIn: M\u00fcller-Doohm, St. (Hg.): Kulturinszenierungen<br \/>\nFrankfurt a. M. 1995<\/li>\n<li>Das Projekt des sch\u00f6nen Lebens. Zur soziologischen Diagnose der modernen Gesellschaft.<br \/>\nIn: Bellebaum, A. (Hg.): Lebensqualit\u00e4t.<br \/>\nOpladen 1994<\/li>\n<li>Entwicklungstendenzen der Medien. 4 Thesen.<br \/>\nIn: Hoffmann, H. (Hg.): Gestern begann die Zukunft. Entwicklung und gesellschaftliche Bedeutung der Medien.<br \/>\nDarmstadt 1994<\/li>\n<li>Gehen ohne Grund. Eine Skizze zur Kulturgeschichte des Denkens.<br \/>\nIn: A. Kuhlmann (Hg.), Philosophische Ansichten der Kultur der Moderne.<br \/>\nFrankfurt 1994<\/li>\n<li>Produktentwicklung und Marketing im kulturellen Wandel.<br \/>\ngdi-impuls 1993\/Heft 3<\/li>\n<li>Metamorphosen der Sozialwelt.<br \/>\nIn: Institut f\u00fcr Sozialforschung Frankfurt, Mitteilungen, Heft 2, Februar 1993<\/li>\n<li>Soziologie des Reichtums.<br \/>\nIn: Huster, E.-U.\/Espenhorst, J. (Hg.), Reichtum in Deutschland,<br \/>\nFrankfurt 1993<\/li>\n<\/ul>\n<\/li>\n<\/ul>\n","protected":false},"excerpt":{"rendered":"<p>B\u00fccher Soziologie als Handwerk. Eine Gebrauchsanleitung. Campus Frankfurt\/New York 2019 Sch\u00f6ne Neue Gesundheitswelt. Wie sich das medizinische Denken ver\u00e4ndert. Hogrefe Verlag Bern 2016 Krisen. Das Alarmdilemma Fischer Verlag Frankfurt a. M. 2011 Die S\u00fcnde. Das sch\u00f6ne Leben und seine Feinde. Hanser Verlag M\u00fcnchen 2006 Die beste aller Welten. Wohin bewegt sich die Gesellschaft im 21&#8230;.<\/p>\n","protected":false},"author":4,"featured_media":0,"parent":0,"menu_order":7,"comment_status":"closed","ping_status":"closed","template":"nosidebar.php","meta":{"footnotes":""},"class_list":["post-82","page","type-page","status-publish","hentry"],"_links":{"self":[{"href":"https:\/\/www.gerhardschulze.de\/index.php\/wp-json\/wp\/v2\/pages\/82","targetHints":{"allow":["GET"]}}],"collection":[{"href":"https:\/\/www.gerhardschulze.de\/index.php\/wp-json\/wp\/v2\/pages"}],"about":[{"href":"https:\/\/www.gerhardschulze.de\/index.php\/wp-json\/wp\/v2\/types\/page"}],"author":[{"embeddable":true,"href":"https:\/\/www.gerhardschulze.de\/index.php\/wp-json\/wp\/v2\/users\/4"}],"replies":[{"embeddable":true,"href":"https:\/\/www.gerhardschulze.de\/index.php\/wp-json\/wp\/v2\/comments?post=82"}],"version-history":[{"count":48,"href":"https:\/\/www.gerhardschulze.de\/index.php\/wp-json\/wp\/v2\/pages\/82\/revisions"}],"predecessor-version":[{"id":679,"href":"https:\/\/www.gerhardschulze.de\/index.php\/wp-json\/wp\/v2\/pages\/82\/revisions\/679"}],"wp:attachment":[{"href":"https:\/\/www.gerhardschulze.de\/index.php\/wp-json\/wp\/v2\/media?parent=82"}],"curies":[{"name":"wp","href":"https:\/\/api.w.org\/{rel}","templated":true}]}}