{"id":641,"date":"2019-07-23T12:45:33","date_gmt":"2019-07-23T10:45:33","guid":{"rendered":"http:\/\/www.gerhardschulze.de\/?page_id=641"},"modified":"2023-10-18T16:49:36","modified_gmt":"2023-10-18T14:49:36","slug":"schoene-neue-gesundheitswelt","status":"publish","type":"page","link":"https:\/\/www.gerhardschulze.de\/index.php\/bucher\/schoene-neue-gesundheitswelt\/","title":{"rendered":"Sch\u00f6ne neue Gesundheitswelt"},"content":{"rendered":"\n<p style=\"text-align:right\"><\/p>\n\n\n\n<div class=\"wp-block-image\"><figure class=\"alignright\"><img loading=\"lazy\" decoding=\"async\" width=\"206\" height=\"300\" src=\"https:\/\/www.gerhardschulze.de\/wp-content\/uploads\/9783456856032_cop_schulze-206x300.jpg\" alt=\"\" class=\"wp-image-642\" srcset=\"https:\/\/www.gerhardschulze.de\/wp-content\/uploads\/9783456856032_cop_schulze-206x300.jpg 206w, https:\/\/www.gerhardschulze.de\/wp-content\/uploads\/9783456856032_cop_schulze-768x1116.jpg 768w, https:\/\/www.gerhardschulze.de\/wp-content\/uploads\/9783456856032_cop_schulze-700x1017.jpg 700w, https:\/\/www.gerhardschulze.de\/wp-content\/uploads\/9783456856032_cop_schulze-800x1163.jpg 800w, https:\/\/www.gerhardschulze.de\/wp-content\/uploads\/9783456856032_cop_schulze.jpg 1600w\" sizes=\"auto, (max-width: 206px) 100vw, 206px\" \/><\/figure><\/div>\n\n\n\n<p style=\"text-align:left\">&nbsp;<strong>Sch\u00f6ne neue Gesundheitswelt.<\/strong><\/p>\n\n\n\n<p>Wie sich das medizinische Denken ver\u00e4ndert.&nbsp;<\/p>\n\n\n\n<p>Hogrefe Verlag, Bern\u00a02016.<\/p>\n\n\n\n<p>\u00a0 <\/p>\n\n\n\n<p>\u00a0 <\/p>\n\n\n\n<p><a href=\"https:\/\/www.hogrefe.de\/shop\/schoene-neue-gesundheitswelt-75199.html\">Blick ins Buch<\/a><\/p>\n\n\n\n<p>&#8222;Trends lassen sich nicht regulieren, aber ersp\u00fcren.   In der Gesundheitspolitik geht es immer auch um die M\u00f6glichkeit einer Regulierung, doch neue Trends lassen sich nicht regulieren. Denn sie bestehen in der Art und Weise, wie die Menschen mit dem Gesundheitssystem umgehen. Je mehr Wahlm\u00f6glichkeiten das System anbietet, desto mehr verlagert sich die Macht zu den Menschen, die in ihm agieren.  <\/p>\n\n\n\n<p>\u2022 Schon l\u00e4ngst stehen Heilberufe und unsere allt\u00e4gliche Lebenswelt in einer Koevolution &#8211; begleitet von Fernsehen, Printmedien, Werbung und Internet.  <\/p>\n\n\n\n<p>\u2022 Unsere Vorstellungen \u00fcber Schulmedizin und Alternativmedizin, \u00fcber Natur, \u00fcber psychosoziale Ph\u00e4nomene, \u00fcber Evidenz, Wissensfortschritt und Erkenntnis haben sich grundlegend ver\u00e4ndert. <\/p>\n\n\n\n<p>\u2022 Warum werden Selbstmedikation, tradiertes Wissen und Naturheilmittel immer wichtiger?   <\/p>\n\n\n\n<p>Erstmalig wird dieser Prozess lehrreich und zugleich sehr unterhaltsam analysiert. Welche Kr\u00e4fte treiben den Wandel an? Wie ver\u00e4ndern sich die Beziehungen von Experten und Laien, wie die Rollen der Akteure mit der l\u00e4ngsten heilberuflichen Tradition &#8211; Arzt und Apotheker? Auch Gesundheitspolitiker erkennen die wachsende Bedeutung der Gesundheitskultur, haben sie jedoch noch nicht auf die Agenda gesetzt. Mit diesem Buch k\u00f6nnte sich das \u00e4ndern.&#8220; (<a href=\"https:\/\/www.hogrefe.de\/shop\/schoene-neue-gesundheitswelt-75199.html\">Verlagsank\u00fcndigung<\/a>)<\/p>\n","protected":false},"excerpt":{"rendered":"<p>&nbsp;Sch\u00f6ne neue Gesundheitswelt. Wie sich das medizinische Denken ver\u00e4ndert.&nbsp; Hogrefe Verlag, Bern\u00a02016. \u00a0 \u00a0 Blick ins Buch &#8222;Trends lassen sich nicht regulieren, aber ersp\u00fcren. In der Gesundheitspolitik geht es immer auch um die M\u00f6glichkeit einer Regulierung, doch neue Trends lassen sich nicht regulieren. Denn sie bestehen in der Art und Weise, wie die Menschen mit&#8230;<\/p>\n","protected":false},"author":4,"featured_media":0,"parent":21,"menu_order":0,"comment_status":"closed","ping_status":"closed","template":"nosidebar.php","meta":{"footnotes":""},"class_list":["post-641","page","type-page","status-publish","hentry"],"_links":{"self":[{"href":"https:\/\/www.gerhardschulze.de\/index.php\/wp-json\/wp\/v2\/pages\/641","targetHints":{"allow":["GET"]}}],"collection":[{"href":"https:\/\/www.gerhardschulze.de\/index.php\/wp-json\/wp\/v2\/pages"}],"about":[{"href":"https:\/\/www.gerhardschulze.de\/index.php\/wp-json\/wp\/v2\/types\/page"}],"author":[{"embeddable":true,"href":"https:\/\/www.gerhardschulze.de\/index.php\/wp-json\/wp\/v2\/users\/4"}],"replies":[{"embeddable":true,"href":"https:\/\/www.gerhardschulze.de\/index.php\/wp-json\/wp\/v2\/comments?post=641"}],"version-history":[{"count":8,"href":"https:\/\/www.gerhardschulze.de\/index.php\/wp-json\/wp\/v2\/pages\/641\/revisions"}],"predecessor-version":[{"id":666,"href":"https:\/\/www.gerhardschulze.de\/index.php\/wp-json\/wp\/v2\/pages\/641\/revisions\/666"}],"up":[{"embeddable":true,"href":"https:\/\/www.gerhardschulze.de\/index.php\/wp-json\/wp\/v2\/pages\/21"}],"wp:attachment":[{"href":"https:\/\/www.gerhardschulze.de\/index.php\/wp-json\/wp\/v2\/media?parent=641"}],"curies":[{"name":"wp","href":"https:\/\/api.w.org\/{rel}","templated":true}]}}