{"id":36,"date":"2009-05-25T09:35:00","date_gmt":"2009-05-25T07:35:00","guid":{"rendered":"http:\/\/www.gerhardschulze.de\/?page_id=36"},"modified":"2023-10-18T16:53:08","modified_gmt":"2023-10-18T14:53:08","slug":"kulissen-des-glucks","status":"publish","type":"page","link":"https:\/\/www.gerhardschulze.de\/index.php\/bucher\/kulissen-des-glucks\/","title":{"rendered":"Kulissen des Gl\u00fccks"},"content":{"rendered":"<p><strong>Kulissen des Gl\u00fccks. Streifz\u00fcge durch die Eventkultur<a href=\"https:\/\/www.gerhardschulze.de\/wp-content\/uploads\/kulissendesgluecks.jpg\"><img loading=\"lazy\" decoding=\"async\" class=\"size-full wp-image-57 alignright\" src=\"https:\/\/www.gerhardschulze.de\/wp-content\/uploads\/kulissendesgluecks.jpg\" alt=\"\" width=\"170\" height=\"271\" \/><\/a><\/strong><\/p>\n<p>Frankfurt a. Main\/New York: Campus Verlag 1999<\/p>\n<ul>\n<li><a href=\"https:\/\/www.gerhardschulze.de\/index.php\/bucher\/kulissen-des-glucks\/inhaltsverzeichnis\/\">Inhaltsverzeichnis<\/a><\/li>\n<li><a href=\"https:\/\/www.gerhardschulze.de\/index.php\/bucher\/kulissen-des-glucks\/einleitung\/\">Einleitung<\/a><\/li>\n<li><a href=\"https:\/\/www.gerhardschulze.de\/index.php\/bucher\/kulissen-des-glucks\/rezensionen\/\">Rezensionen<\/a><\/li>\n<\/ul>\n","protected":false},"excerpt":{"rendered":"<p>Kulissen des Gl\u00fccks. Streifz\u00fcge durch die Eventkultur Frankfurt a. Main\/New York: Campus Verlag 1999<\/p>\n","protected":false},"author":4,"featured_media":0,"parent":21,"menu_order":4,"comment_status":"closed","ping_status":"closed","template":"nosidebar.php","meta":{"footnotes":""},"class_list":["post-36","page","type-page","status-publish","hentry"],"_links":{"self":[{"href":"https:\/\/www.gerhardschulze.de\/index.php\/wp-json\/wp\/v2\/pages\/36","targetHints":{"allow":["GET"]}}],"collection":[{"href":"https:\/\/www.gerhardschulze.de\/index.php\/wp-json\/wp\/v2\/pages"}],"about":[{"href":"https:\/\/www.gerhardschulze.de\/index.php\/wp-json\/wp\/v2\/types\/page"}],"author":[{"embeddable":true,"href":"https:\/\/www.gerhardschulze.de\/index.php\/wp-json\/wp\/v2\/users\/4"}],"replies":[{"embeddable":true,"href":"https:\/\/www.gerhardschulze.de\/index.php\/wp-json\/wp\/v2\/comments?post=36"}],"version-history":[{"count":6,"href":"https:\/\/www.gerhardschulze.de\/index.php\/wp-json\/wp\/v2\/pages\/36\/revisions"}],"predecessor-version":[{"id":630,"href":"https:\/\/www.gerhardschulze.de\/index.php\/wp-json\/wp\/v2\/pages\/36\/revisions\/630"}],"up":[{"embeddable":true,"href":"https:\/\/www.gerhardschulze.de\/index.php\/wp-json\/wp\/v2\/pages\/21"}],"wp:attachment":[{"href":"https:\/\/www.gerhardschulze.de\/index.php\/wp-json\/wp\/v2\/media?parent=36"}],"curies":[{"name":"wp","href":"https:\/\/api.w.org\/{rel}","templated":true}]}}